{"id":1532,"date":"2022-01-08T09:57:21","date_gmt":"2022-01-08T07:57:21","guid":{"rendered":"http:\/\/karitaszkp.hu\/?page_id=1532"},"modified":"2023-10-12T17:15:44","modified_gmt":"2023-10-12T15:15:44","slug":"tevekeny-szeretet","status":"publish","type":"page","link":"https:\/\/karitaszkozpont.hu\/?page_id=1532","title":{"rendered":"Tev\u00e9keny szeretet (a Szent Erzs\u00e9bet Karit\u00e1sz K\u00f6zpont m\u0171sora a M\u00e1ria R\u00e1di\u00f3ban)"},"content":{"rendered":"\n<p class=\"has-white-color has-vivid-red-background-color has-text-color has-background has-large-font-size\">M\u00e1ria r\u00e1di\u00f3s ad\u00e1sok<\/p>\n\n\n\n<p>A m\u0171sorok az al\u00e1bbi gombbal el\u00e9rhet\u0151ek a M\u00e1ria R\u00e1di\u00f3 hangt\u00e1r\u00e1ban:<\/p>\n\n\n\n<div class=\"is-layout-flex wp-block-buttons\">\n<div class=\"wp-block-button has-custom-width wp-block-button__width-50\"><a class=\"wp-block-button__link has-black-color has-text-color has-background wp-element-button\" href=\"https:\/\/hangtar.mariaradio.hu\/tevekeny_szeretet\" style=\"background-color:#cacaca\" target=\"_blank\" rel=\"noreferrer noopener\">Tev\u00e9keny szeretet<\/a><\/div>\n<\/div>\n\n\n\n<p><\/p>\n","protected":false},"excerpt":{"rendered":"<p>M\u00e1ria r\u00e1di\u00f3s ad\u00e1sok A m\u0171sorok az al\u00e1bbi gombbal el\u00e9rhet\u0151ek a M\u00e1ria R\u00e1di\u00f3 hangt\u00e1r\u00e1ban:<\/p>\n","protected":false},"author":1,"featured_media":0,"parent":0,"menu_order":0,"comment_status":"closed","ping_status":"closed","template":"","meta":[],"yoast_head":"<!-- This site is optimized with the Yoast SEO plugin v20.1 - https:\/\/yoast.com\/wordpress\/plugins\/seo\/ -->\n<title>Tev\u00e9keny szeretet (a Szent Erzs\u00e9bet Karit\u00e1sz K\u00f6zpont m\u0171sora a M\u00e1ria R\u00e1di\u00f3ban) - Szent Erzs\u00e9bet Karit\u00e1sz K\u00f6zpont<\/title>\n<meta name=\"robots\" content=\"index, follow, max-snippet:-1, max-image-preview:large, max-video-preview:-1\" \/>\n<link rel=\"canonical\" href=\"https:\/\/karitaszkozpont.hu\/?page_id=1532\" \/>\n<meta property=\"og:locale\" content=\"hu_HU\" \/>\n<meta property=\"og:type\" content=\"article\" \/>\n<meta property=\"og:title\" content=\"Tev\u00e9keny szeretet (a Szent Erzs\u00e9bet Karit\u00e1sz K\u00f6zpont m\u0171sora a M\u00e1ria R\u00e1di\u00f3ban) - Szent Erzs\u00e9bet Karit\u00e1sz K\u00f6zpont\" \/>\n<meta property=\"og:description\" content=\"M\u00e1ria r\u00e1di\u00f3s ad\u00e1sok A m\u0171sorok az al\u00e1bbi gombbal el\u00e9rhet\u0151ek a M\u00e1ria R\u00e1di\u00f3 hangt\u00e1r\u00e1ban:\" \/>\n<meta property=\"og:url\" content=\"https:\/\/karitaszkozpont.hu\/?page_id=1532\" \/>\n<meta property=\"og:site_name\" content=\"Szent Erzs\u00e9bet Karit\u00e1sz K\u00f6zpont\" \/>\n<meta property=\"article:modified_time\" content=\"2023-10-12T15:15:44+00:00\" \/>\n<meta name=\"twitter:card\" content=\"summary_large_image\" \/>\n<meta name=\"twitter:label1\" content=\"Becs\u00fclt olvas\u00e1si id\u0151\" \/>\n\t<meta name=\"twitter:data1\" content=\"1 perc\" \/>\n<script type=\"application\/ld+json\" class=\"yoast-schema-graph\">{\"@context\":\"https:\/\/schema.org\",\"@graph\":[{\"@type\":\"WebPage\",\"@id\":\"https:\/\/karitaszkozpont.hu\/?page_id=1532\",\"url\":\"https:\/\/karitaszkozpont.hu\/?page_id=1532\",\"name\":\"Tev\u00e9keny szeretet (a Szent Erzs\u00e9bet Karit\u00e1sz K\u00f6zpont m\u0171sora a M\u00e1ria R\u00e1di\u00f3ban) - Szent Erzs\u00e9bet Karit\u00e1sz K\u00f6zpont\",\"isPartOf\":{\"@id\":\"https:\/\/karitaszkozpont.hu\/#website\"},\"datePublished\":\"2022-01-08T07:57:21+00:00\",\"dateModified\":\"2023-10-12T15:15:44+00:00\",\"breadcrumb\":{\"@id\":\"https:\/\/karitaszkozpont.hu\/?page_id=1532#breadcrumb\"},\"inLanguage\":\"hu\",\"potentialAction\":[{\"@type\":\"ReadAction\",\"target\":[\"https:\/\/karitaszkozpont.hu\/?page_id=1532\"]}]},{\"@type\":\"BreadcrumbList\",\"@id\":\"https:\/\/karitaszkozpont.hu\/?page_id=1532#breadcrumb\",\"itemListElement\":[{\"@type\":\"ListItem\",\"position\":1,\"name\":\"Kezd\u0151lap\",\"item\":\"https:\/\/karitaszkozpont.hu\/\"},{\"@type\":\"ListItem\",\"position\":2,\"name\":\"Tev\u00e9keny szeretet (a Szent Erzs\u00e9bet Karit\u00e1sz K\u00f6zpont m\u0171sora a M\u00e1ria R\u00e1di\u00f3ban)\"}]},{\"@type\":\"WebSite\",\"@id\":\"https:\/\/karitaszkozpont.hu\/#website\",\"url\":\"https:\/\/karitaszkozpont.hu\/\",\"name\":\"Szent Erzs\u00e9bet Karit\u00e1sz K\u00f6zpont\",\"description\":\"Esztergom-Budapesti F\u0151egyh\u00e1zmegye\",\"publisher\":{\"@id\":\"https:\/\/karitaszkozpont.hu\/#organization\"},\"potentialAction\":[{\"@type\":\"SearchAction\",\"target\":{\"@type\":\"EntryPoint\",\"urlTemplate\":\"https:\/\/karitaszkozpont.hu\/?s={search_term_string}\"},\"query-input\":\"required name=search_term_string\"}],\"inLanguage\":\"hu\"},{\"@type\":\"Organization\",\"@id\":\"https:\/\/karitaszkozpont.hu\/#organization\",\"name\":\"Szent Erzs\u00e9bet Karit\u00e1sz K\u00f6zpont\",\"url\":\"https:\/\/karitaszkozpont.hu\/\",\"logo\":{\"@type\":\"ImageObject\",\"inLanguage\":\"hu\",\"@id\":\"https:\/\/karitaszkozpont.hu\/#\/schema\/logo\/image\/\",\"url\":\"https:\/\/karitaszkp.hu\/wp-content\/uploads\/2019\/06\/cropped-logo-arnyekos-1.png\",\"contentUrl\":\"https:\/\/karitaszkp.hu\/wp-content\/uploads\/2019\/06\/cropped-logo-arnyekos-1.png\",\"width\":240,\"height\":247,\"caption\":\"Szent Erzs\u00e9bet Karit\u00e1sz K\u00f6zpont\"},\"image\":{\"@id\":\"https:\/\/karitaszkozpont.hu\/#\/schema\/logo\/image\/\"}}]}<\/script>\n<!-- \/ Yoast SEO plugin. -->","yoast_head_json":{"title":"Tev\u00e9keny szeretet (a Szent Erzs\u00e9bet Karit\u00e1sz K\u00f6zpont m\u0171sora a M\u00e1ria R\u00e1di\u00f3ban) - Szent Erzs\u00e9bet Karit\u00e1sz K\u00f6zpont","robots":{"index":"index","follow":"follow","max-snippet":"max-snippet:-1","max-image-preview":"max-image-preview:large","max-video-preview":"max-video-preview:-1"},"canonical":"https:\/\/karitaszkozpont.hu\/?page_id=1532","og_locale":"hu_HU","og_type":"article","og_title":"Tev\u00e9keny szeretet (a Szent Erzs\u00e9bet Karit\u00e1sz K\u00f6zpont m\u0171sora a M\u00e1ria R\u00e1di\u00f3ban) - Szent Erzs\u00e9bet Karit\u00e1sz K\u00f6zpont","og_description":"M\u00e1ria r\u00e1di\u00f3s ad\u00e1sok A m\u0171sorok az al\u00e1bbi gombbal el\u00e9rhet\u0151ek a M\u00e1ria R\u00e1di\u00f3 hangt\u00e1r\u00e1ban:","og_url":"https:\/\/karitaszkozpont.hu\/?page_id=1532","og_site_name":"Szent Erzs\u00e9bet Karit\u00e1sz K\u00f6zpont","article_modified_time":"2023-10-12T15:15:44+00:00","twitter_card":"summary_large_image","twitter_misc":{"Becs\u00fclt olvas\u00e1si id\u0151":"1 perc"},"schema":{"@context":"https:\/\/schema.org","@graph":[{"@type":"WebPage","@id":"https:\/\/karitaszkozpont.hu\/?page_id=1532","url":"https:\/\/karitaszkozpont.hu\/?page_id=1532","name":"Tev\u00e9keny szeretet (a Szent Erzs\u00e9bet Karit\u00e1sz K\u00f6zpont m\u0171sora a M\u00e1ria R\u00e1di\u00f3ban) - Szent Erzs\u00e9bet Karit\u00e1sz K\u00f6zpont","isPartOf":{"@id":"https:\/\/karitaszkozpont.hu\/#website"},"datePublished":"2022-01-08T07:57:21+00:00","dateModified":"2023-10-12T15:15:44+00:00","breadcrumb":{"@id":"https:\/\/karitaszkozpont.hu\/?page_id=1532#breadcrumb"},"inLanguage":"hu","potentialAction":[{"@type":"ReadAction","target":["https:\/\/karitaszkozpont.hu\/?page_id=1532"]}]},{"@type":"BreadcrumbList","@id":"https:\/\/karitaszkozpont.hu\/?page_id=1532#breadcrumb","itemListElement":[{"@type":"ListItem","position":1,"name":"Kezd\u0151lap","item":"https:\/\/karitaszkozpont.hu\/"},{"@type":"ListItem","position":2,"name":"Tev\u00e9keny szeretet (a Szent Erzs\u00e9bet Karit\u00e1sz K\u00f6zpont m\u0171sora a M\u00e1ria R\u00e1di\u00f3ban)"}]},{"@type":"WebSite","@id":"https:\/\/karitaszkozpont.hu\/#website","url":"https:\/\/karitaszkozpont.hu\/","name":"Szent Erzs\u00e9bet Karit\u00e1sz K\u00f6zpont","description":"Esztergom-Budapesti F\u0151egyh\u00e1zmegye","publisher":{"@id":"https:\/\/karitaszkozpont.hu\/#organization"},"potentialAction":[{"@type":"SearchAction","target":{"@type":"EntryPoint","urlTemplate":"https:\/\/karitaszkozpont.hu\/?s={search_term_string}"},"query-input":"required name=search_term_string"}],"inLanguage":"hu"},{"@type":"Organization","@id":"https:\/\/karitaszkozpont.hu\/#organization","name":"Szent Erzs\u00e9bet Karit\u00e1sz K\u00f6zpont","url":"https:\/\/karitaszkozpont.hu\/","logo":{"@type":"ImageObject","inLanguage":"hu","@id":"https:\/\/karitaszkozpont.hu\/#\/schema\/logo\/image\/","url":"https:\/\/karitaszkp.hu\/wp-content\/uploads\/2019\/06\/cropped-logo-arnyekos-1.png","contentUrl":"https:\/\/karitaszkp.hu\/wp-content\/uploads\/2019\/06\/cropped-logo-arnyekos-1.png","width":240,"height":247,"caption":"Szent Erzs\u00e9bet Karit\u00e1sz K\u00f6zpont"},"image":{"@id":"https:\/\/karitaszkozpont.hu\/#\/schema\/logo\/image\/"}}]}},"_links":{"self":[{"href":"https:\/\/karitaszkozpont.hu\/index.php?rest_route=\/wp\/v2\/pages\/1532"}],"collection":[{"href":"https:\/\/karitaszkozpont.hu\/index.php?rest_route=\/wp\/v2\/pages"}],"about":[{"href":"https:\/\/karitaszkozpont.hu\/index.php?rest_route=\/wp\/v2\/types\/page"}],"author":[{"embeddable":true,"href":"https:\/\/karitaszkozpont.hu\/index.php?rest_route=\/wp\/v2\/users\/1"}],"replies":[{"embeddable":true,"href":"https:\/\/karitaszkozpont.hu\/index.php?rest_route=%2Fwp%2Fv2%2Fcomments&post=1532"}],"version-history":[{"count":17,"href":"https:\/\/karitaszkozpont.hu\/index.php?rest_route=\/wp\/v2\/pages\/1532\/revisions"}],"predecessor-version":[{"id":3239,"href":"https:\/\/karitaszkozpont.hu\/index.php?rest_route=\/wp\/v2\/pages\/1532\/revisions\/3239"}],"wp:attachment":[{"href":"https:\/\/karitaszkozpont.hu\/index.php?rest_route=%2Fwp%2Fv2%2Fmedia&parent=1532"}],"curies":[{"name":"wp","href":"https:\/\/api.w.org\/{rel}","templated":true}]}}

Tevékeny szeretet (a Szent Erzsébet Karitász Központ műsora a Mária Rádióban)

<p class="has-white-color has-vivid-red-background-color has-text-color has-background has-large-font-size">Mária rádiós adások</p>



<p>A műsorok az alábbi gombbal elérhetőek a Mária Rádió hangtárában:</p>



<div class="is-layout-flex wp-block-buttons">
<div class="wp-block-button has-custom-width wp-block-button__width-50"><a class="wp-block-button__link has-black-color has-text-color has-background wp-element-button" href="https://hangtar.mariaradio.hu/tevekeny_szeretet" style="background-color:#cacaca" target="_blank" rel="noreferrer noopener">Tevékeny szeretet</a></div>
</div>



<p></p>

<p>Mária rádiós adások A műsorok az alábbi gombbal elérhetőek a Mária Rádió hangtárában:</p>

<!-- This site is optimized with the Yoast SEO plugin v20.1 - https://yoast.com/wordpress/plugins/seo/ -->
<title>Tevékeny szeretet (a Szent Erzsébet Karitász Központ műsora a Mária Rádióban) - Szent Erzsébet Karitász Központ</title>
<meta name="robots" content="index, follow, max-snippet:-1, max-image-preview:large, max-video-preview:-1" />
<link rel="canonical" href="https://karitaszkozpont.hu/?page_id=1532" />
<meta property="og:locale" content="hu_HU" />
<meta property="og:type" content="article" />
<meta property="og:title" content="Tevékeny szeretet (a Szent Erzsébet Karitász Központ műsora a Mária Rádióban) - Szent Erzsébet Karitász Központ" />
<meta property="og:description" content="Mária rádiós adások A műsorok az alábbi gombbal elérhetőek a Mária Rádió hangtárában:" />
<meta property="og:url" content="https://karitaszkozpont.hu/?page_id=1532" />
<meta property="og:site_name" content="Szent Erzsébet Karitász Központ" />
<meta property="article:modified_time" content="2023-10-12T15:15:44+00:00" />
<meta name="twitter:card" content="summary_large_image" />
<meta name="twitter:label1" content="Becsült olvasási idő" />
	<meta name="twitter:data1" content="1 perc" />
<script type="application/ld+json" class="yoast-schema-graph">{"@context":"https://schema.org","@graph":[{"@type":"WebPage","@id":"https://karitaszkozpont.hu/?page_id=1532","url":"https://karitaszkozpont.hu/?page_id=1532","name":"Tevékeny szeretet (a Szent Erzsébet Karitász Központ műsora a Mária Rádióban) - Szent Erzsébet Karitász Központ","isPartOf":{"@id":"https://karitaszkozpont.hu/#website"},"datePublished":"2022-01-08T07:57:21+00:00","dateModified":"2023-10-12T15:15:44+00:00","breadcrumb":{"@id":"https://karitaszkozpont.hu/?page_id=1532#breadcrumb"},"inLanguage":"hu","potentialAction":[{"@type":"ReadAction","target":["https://karitaszkozpont.hu/?page_id=1532"]}]},{"@type":"BreadcrumbList","@id":"https://karitaszkozpont.hu/?page_id=1532#breadcrumb","itemListElement":[{"@type":"ListItem","position":1,"name":"Kezdőlap","item":"https://karitaszkozpont.hu/"},{"@type":"ListItem","position":2,"name":"Tevékeny szeretet (a Szent Erzsébet Karitász Központ műsora a Mária Rádióban)"}]},{"@type":"WebSite","@id":"https://karitaszkozpont.hu/#website","url":"https://karitaszkozpont.hu/","name":"Szent Erzsébet Karitász Központ","description":"Esztergom-Budapesti Főegyházmegye","publisher":{"@id":"https://karitaszkozpont.hu/#organization"},"potentialAction":[{"@type":"SearchAction","target":{"@type":"EntryPoint","urlTemplate":"https://karitaszkozpont.hu/?s={search_term_string}"},"query-input":"required name=search_term_string"}],"inLanguage":"hu"},{"@type":"Organization","@id":"https://karitaszkozpont.hu/#organization","name":"Szent Erzsébet Karitász Központ","url":"https://karitaszkozpont.hu/","logo":{"@type":"ImageObject","inLanguage":"hu","@id":"https://karitaszkozpont.hu/#/schema/logo/image/","url":"https://karitaszkp.hu/wp-content/uploads/2019/06/cropped-logo-arnyekos-1.png","contentUrl":"https://karitaszkp.hu/wp-content/uploads/2019/06/cropped-logo-arnyekos-1.png","width":240,"height":247,"caption":"Szent Erzsébet Karitász Központ"},"image":{"@id":"https://karitaszkozpont.hu/#/schema/logo/image/"}}]}</script>
<!-- / Yoast SEO plugin. -->

Tevékeny szeretet (a Szent Erzsébet Karitász Központ műsora a Mária Rádióban) - Szent Erzsébet Karitász Központ

Mária rádiós adások A műsorok az alábbi gombbal elérhetőek a Mária Rádió hangtárában:

Szent Erzsébet Karitász Központ

Kezdőlap

Esztergom-Budapesti Főegyházmegye
